{"id":25,"date":"2024-09-22T14:11:50","date_gmt":"2024-09-22T12:11:50","guid":{"rendered":"https:\/\/autoecolemoulinet.fr\/?page_id=25"},"modified":"2024-10-09T20:06:05","modified_gmt":"2024-10-09T18:06:05","slug":"doc_annexes","status":"publish","type":"page","link":"https:\/\/autoecolemoulinet.fr\/index.php\/doc_annexes\/","title":{"rendered":"Documents annexes"},"content":{"rendered":"<section class=\"page-title-section bg-grey\">\n<div class=\"container\">\n<div class=\"row\">\n<div class=\"col-md-12 col-sm-12 col-xs-12\">\n<p>&nbsp;<\/p>\n<div class=\"page-title text-center\">\n<h1>Documents Annexes<\/h1>\n<\/div>\n<\/div>\n<\/div>\n<\/div>\n<\/section>\n<p><!-- Blog & Sidebar Section --><\/p>\n<section id=\"section-block\" class=\"site-content\">\n<div class=\"container\">\n<div class=\"row\"><!--Blog Section--><\/p>\n<div class=\"col-md-12 col-xs-12\">\n<div class=\"news\">\n<article class=\"post\">\n<div class=\"post-content\">\n<p>Vous pouvez t\u00e9l\u00e9charger les documents si apr\u00e8s en cliquant sur les liens.<\/p>\n<p>Cliquez pour t\u00e9l\u00e9charger :<a href=\"http:\/\/autoecolemoulinet.fr\/wp-content\/uploads\/2024\/09\/1.1.b.-procede-evaluation-de-depart-1.pdf\"><br \/>\nProce\u0301de\u0301 e\u0301valuation de de\u0301part.<\/a><\/p>\n<p>Cliquez pour t\u00e9l\u00e9charger :\u00a0<a href=\"http:\/\/autoecolemoulinet.fr\/wp-content\/uploads\/2024\/09\/1.3a-programme-formation-B-et-AAC-2-2.pdf\">Programme<br \/>\nformation B et AAC.<\/a><\/p>\n<p>Cliquez pour t\u00e9l\u00e9charger :\u00a0<a href=\"http:\/\/autoecolemoulinet.fr\/wp-content\/uploads\/2024\/09\/AEM_Programme_Formation_BE.pdf\">Prog<br \/>\nformation BE.<\/a><\/p>\n<p>Cliquez pour t\u00e9l\u00e9charger :<a href=\"http:\/\/autoecolemoulinet.fr\/wp-content\/uploads\/2024\/09\/1.3g-Programme-de-formation-code-78-1.pdf\">Programme<br \/>\nde formation code 78.<\/a><\/p>\n<p>Cliquez pour t\u00e9l\u00e9charger :\u00a0<a href=\"http:\/\/autoecolemoulinet.fr\/wp-content\/uploads\/2024\/09\/horaires-cours-de-code.pdf\">Affichage<br \/>\ncours the\u0301oriques.<\/a><\/p>\n<p>Cliquez pour t\u00e9l\u00e9charger :\u00a0<a href=\"http:\/\/autoecolemoulinet.fr\/wp-content\/uploads\/2024\/09\/1.5-rendez-vous-post-permis.pdf\">Rendez<br \/>\nvous post permis.<\/a><\/p>\n<p>Cliquez pour t\u00e9l\u00e9charger :<a href=\"http:\/\/autoecolemoulinet.fr\/wp-content\/uploads\/2024\/10\/doc-enjeux-de-la-formation-1.pdf\">\u00a0Enjeux<\/a><br \/>\nformation et de\u0301roulement e\u0301preuve.<\/p>\n<p>Cliquez pour t\u00e9l\u00e9charger : <a href=\"http:\/\/autoecolemoulinet.fr\/wp-content\/uploads\/2024\/09\/3.1-parcours-de-formation-1.pdf\">Parcours<br \/>\nde formation.<\/a><\/p>\n<p>Cliquez pour t\u00e9l\u00e9charger :<a href=\"http:\/\/autoecolemoulinet.fr\/wp-content\/uploads\/2024\/09\/5.1a-Conduite-supervisee.pdf\">Conduite<br \/>\nsupervise\u0301e.<\/a><\/p>\n<p>Cliquez pour t\u00e9l\u00e9charger :<a href=\"http:\/\/autoecolemoulinet.fr\/wp-content\/uploads\/2024\/09\/5.1b-Guide-AAC.pdf\">Guide<br \/>\nAAC.<\/a><\/p>\n<p>Cliquez pour t\u00e9l\u00e9charger :<a href=\"http:\/\/autoecolemoulinet.fr\/wp-content\/uploads\/2024\/09\/5.2-conditions-d-usage-de-la-piste.pdf\">Conditions<br \/>\nd\u2019usage de la piste.<\/a><\/p>\n<p>Cliquez pour t\u00e9l\u00e9charger :<a href=\"http:\/\/autoecolemoulinet.fr\/wp-content\/uploads\/2024\/09\/AEM_03_Reglement_Interieur.pdf\">AEM<br \/>\nReglement Interieur.<\/a><\/p>\n<p>Cliquez pour t\u00e9l\u00e9charger :\u00a0<a href=\"http:\/\/autoecolemoulinet.fr\/wp-content\/uploads\/2024\/09\/b96.pdf\">Programme<br \/>\nB96.<\/a><\/p>\n<p>Cliquez pour t\u00e9l\u00e9charger :\u00a0<a href=\"http:\/\/autoecolemoulinet.fr\/wp-content\/uploads\/2024\/09\/taux-de-reussite.pdf\">Taux<\/a><br \/>\nde r\u00e9ussite.<\/p>\n<p>Cliquez pour t\u00e9l\u00e9charger :\u00a0<a href=\"http:\/\/autoecolemoulinet.fr\/wp-content\/uploads\/2024\/09\/liste-des-enseignants.pdf\">Liste<\/a><br \/>\ndes enseignants.<\/p>\n<p>Cliquez pour t\u00e9l\u00e9charger :\u00a0<a href=\"http:\/\/autoecolemoulinet.fr\/wp-content\/uploads\/2024\/09\/horaires-des-cours-thematiques.pdf\">Horaires<\/a><br \/>\ndes cours th\u00e9matiques.<\/p>\n<p>Cliquez pour t\u00e9l\u00e9charger : <a href=\"http:\/\/autoecolemoulinet.fr\/wp-content\/uploads\/2024\/10\/formation-handicaps-1.pdf\">Gestion du handicap<\/a><\/p>\n<\/div>\n<p>Cliquez pour t\u00e9l\u00e9charger : <a href=\"http:\/\/autoecolemoulinet.fr\/wp-content\/uploads\/2024\/10\/gestion-des-reclamations.pdf\">Gestion des r\u00e9clamations<\/a><\/p>\n<\/article>\n<p>Cliquez pour t\u00e9l\u00e9charger : <a href=\"http:\/\/autoecolemoulinet.fr\/wp-content\/uploads\/2024\/10\/Organisation-de-la-formation.pdf\">L&rsquo;organisation de la formation<\/a><\/p>\n<p>Cliquez pour t\u00e9l\u00e9charger : <a href=\"http:\/\/autoecolemoulinet.fr\/wp-content\/uploads\/2024\/10\/proposition-de-financement.pdf\">Possibilit\u00e9s de financement<\/a><\/p>\n<\/div>\n<\/div>\n<p><!--\/Blog Section--><\/p>\n<p><!-- Right sidebar ----><\/p>\n<\/div>\n<\/div>\n<\/section>\n","protected":false},"excerpt":{"rendered":"<p>&nbsp; Documents Annexes Vous pouvez t\u00e9l\u00e9charger les documents si apr\u00e8s en cliquant sur les liens. Cliquez pour t\u00e9l\u00e9charger : Proce\u0301de\u0301 e\u0301valuation de de\u0301part. Cliquez pour t\u00e9l\u00e9charger :\u00a0Programme formation B et AAC. Cliquez pour t\u00e9l\u00e9charger :\u00a0Prog formation BE. Cliquez pour t\u00e9l\u00e9charger :Programme de formation code 78. Cliquez pour t\u00e9l\u00e9charger :\u00a0Affichage cours the\u0301oriques. Cliquez pour t\u00e9l\u00e9charger :\u00a0Rendez [&hellip;]<\/p>\n","protected":false},"author":1,"featured_media":0,"parent":0,"menu_order":8,"comment_status":"closed","ping_status":"closed","template":"","meta":{"footnotes":""},"class_list":["post-25","page","type-page","status-publish","hentry"],"_links":{"self":[{"href":"https:\/\/autoecolemoulinet.fr\/index.php\/wp-json\/wp\/v2\/pages\/25","targetHints":{"allow":["GET"]}}],"collection":[{"href":"https:\/\/autoecolemoulinet.fr\/index.php\/wp-json\/wp\/v2\/pages"}],"about":[{"href":"https:\/\/autoecolemoulinet.fr\/index.php\/wp-json\/wp\/v2\/types\/page"}],"author":[{"embeddable":true,"href":"https:\/\/autoecolemoulinet.fr\/index.php\/wp-json\/wp\/v2\/users\/1"}],"replies":[{"embeddable":true,"href":"https:\/\/autoecolemoulinet.fr\/index.php\/wp-json\/wp\/v2\/comments?post=25"}],"version-history":[{"count":20,"href":"https:\/\/autoecolemoulinet.fr\/index.php\/wp-json\/wp\/v2\/pages\/25\/revisions"}],"predecessor-version":[{"id":124,"href":"https:\/\/autoecolemoulinet.fr\/index.php\/wp-json\/wp\/v2\/pages\/25\/revisions\/124"}],"wp:attachment":[{"href":"https:\/\/autoecolemoulinet.fr\/index.php\/wp-json\/wp\/v2\/media?parent=25"}],"curies":[{"name":"wp","href":"https:\/\/api.w.org\/{rel}","templated":true}]}}